Give x(-10).
5
Let i(c) = -c**3 + 3. Let r(w) = -w**3 - 5*w**2 - 3*w - 12. Let t be r(-5). Suppose z - 9 = -t*f, z - 5*f = -3*z - 15. Determine i(z).
3
Let t(m) = 5*m**2 - 57*m + 16. Let i(w) = -w**2 + 14*w - 4. Let k(z) = -9*i(z) - 2*t(z). Determine k(-13).
-9
Let t = 88 - 68. Let r(l) = -l**2 + 2 + l**2 + t*l**3 - 21*l**3 + 3*l. Give r(3).
-16
Let n(d) be the third derivative of -d**6/120 + 19*d**5/60 - 19*d**4/24 - 3*d**3/2 - 1781*d**2. What is n(18)?
-27
Let j(v) be the first derivative of v**6/60 + v**5/60 + v**2/2 - 5. Let d(h) be the second derivative of j(h). Let k = -198 - -196. Give d(k).
-12
Let d(c) = -16*c + 150. Let h be d(7). Suppose 216 = -h*g + 11*g. Let u(w) = 2*w + 4. Determine u(g).
-12
Let f(v) = 4*v**2 + 2*v. Let g(y) = 19*y**2 + 23*y + 231. Let t(a) = 5*f(a) - g(a). Calculate t(23).
-1
Suppose -5 + 26 = 5*n - p, n + 5*p + 1 = 0. Let r(y) = -y**2 + 8*y - 14. Let f be r(n). Let k(c) = 10 + f*c - 3 + 2 - 3. Give k(-4).
-2
Suppose -2*w - 15 = -g + 3*w, 0 = -5*w - 10. Suppose 79*q = 80*q - g. Let a(t) = 3*t - 2. Give a(q).
13
Let a = 2294 - 2288. Let p(h) = 20*h - 121. Give p(a).
-1
Let m(a) = 2*a - 27*a + 4*a + 11*a - 11 + a**2 - 2*a**2. What is m(-8)?
5
Let l(s) = 9*s - 134. Let m(h) = 5*h**2 + 13*h + 21. Let p be m(-2). Determine l(p).
1
Suppose -2*g - 2*g + 20 = 0. Suppose 0 = i - 2*d + g, 0*d + 3*d - 18 = -2*i. Let r(s) = -i*s - 3*s**3 + 5*s + 0*s - s. Calculate r(1).
-2
Let a(g) = -g**3 - 4*g**2 - g. Let z be a(-4). Let q(r) = -3574*r**2 - 6*r + 18. Let w(u) = 894*u**2 - 2. Let h(s) = -q(s) - 4*w(s). Determine h(z).
-18
Suppose 0 = z + 4*k + 14, -5*z + 25 + 20 = -3*k. Let t(v) = 59*v + 5 + 62*v - v**2 - 119*v - z. What is t(2)?
-1
Let v(j) = -2*j**3 + 7*j**2 + 35*j - 6. Let u be v(-3). Let b(m) = -m**2 + 6*m - 2. Calculate b(u).
-2
Let n be 0/(-4) + 8 + 3. Let d = n - 3. Let x(u) be the second derivative of u**4/12 - 4*u**3/3 - 7*u**2/2 + 101*u - 1. Give x(d).
-7
Let q(b) be the third derivative of b**8/6720 - b**7/420 + b**6/144 - 181*b**4/24 + 2*b**2 - 20*b. Let s(h) be the second derivative of q(h). Calculate s(4).
-12
Let x = -7 - -9. Suppose -3*i - 12 = -3*l, 14 = -3*i + x. Let o(u) = 4*u + 13 + l*u - 5*u. Give o(9).
4
Suppose 12*q = 15*q. Suppose q = b + 78 - 82. Let f(u) = 2*u - 13. Calculate f(b).
-5
Let w(f) be the third derivative of -f**5/60 + 19*f**4/24 + 19*f**3/6 + 337*f**2 + 4. Give w(17).
53
Let q(a) = -a**2 - 16*a - 61. Let s be q(-6). Let w = s + 0. Let y(l) = -19*l**2 - 1. What is y(w)?
-20
Let r be ((-675)/105)/5 + 1 + 88/14. Let t(x) = 2*x**3 - 10*x**2 - 9*x - 10. What is t(r)?
8
Let p be 2 + (-846)/(-21) - 18/63. Suppose -61*q = -p*q - 76. Let f(s) = -s**2 + s + 4. What is f(q)?
-8
Let d(q) be the first derivative of -q**4 + 2*q**3 + 3*q**2/2 - 3*q - 3367. What is d(3)?
-48
Let t(v) = v + 68. Let j(k) = 7*k + 276. Let z(a) = -4*j(a) + 15*t(a). Calculate z(-7).
7
Let k(u) = u**3 + 14*u**2 + 19*u - 2. Let s be 12/9*-1*9. Let f be k(s). Let n = -50 + f. Let o(h) = h**2 - 10*h + 9. What is o(n)?
-7
Let y(p) = -p**2 + 2. Let c be (-42)/(-273) - 28/13. Let b(i) = -2*i + 6. Let l be b(c). Suppose q + l - 13 = 0. What is y(q)?
-7
Suppose -1004*r - b = -1005*r - 1, -5*r - 5 = b. Let k(s) = -35*s**3 - 3*s**2 - 2*s + 1. Calculate k(r).
35
Suppose 2*x + 10 = 18. Suppose 0 = -f - 1 - 0, x*f = 3*n - 31. Let w be -3*(-3)/n - (-3 - -6). Let p(c) = 9*c + 1. Give p(w).
-17
Let z(x) = 3*x + 4. Let t(g) = 6*g + 9. Let c(d) = -6*t(d) + 13*z(d). Suppose -2*f + 175 - 88 = 91. Calculate c(f).
-8
Suppose 0 = 5*v - 3*c + 1 - 7, 2*c - 15 = -3*v. Let m(u) = 3*u - v*u - 2 + 6*u. Let g be (4 - 6)*6/(-4). Give m(g).
16
Let p(y) = y**2 - 11*y + 18. Let w be ((-2)/(-1) + -18)*-2. Suppose 4*r + 2*x - w = 0, -6 = 2*x - 5*x. What is p(r)?
-10
Let t(i) = -463*i + 1380*i + 2*i**2 - 460*i - 459*i - 12. What is t(3)?
0
Suppose 5*t = 2*a + 37, 2*t - 34 = 4*a - 0. Suppose -2*x + 1 = -3. Let j(q) = -3 + 2 - 4 - x*q. What is j(a)?
7
Suppose 4 + 13 = t. Let i = -42 + t. Let x = i - -18. Let j(b) = -b**2 - 7*b + 1. Give j(x).
1
Let n(f) = 200*f + 3402. Let c be n(-17). Let l(b) be the third derivative of -20*b**c - 7/24*b**4 + 0*b - 1/60*b**5 - 2/3*b**3 + 0. Give l(-7).
-4
Suppose 21*h + 27*h - 85 = 31*h. Let a(v) = v**3 - 6*v**2 + 2*v + 9. What is a(h)?
-6
Let r(y) = 7*y**2 + 20*y + 10. Let n(g) = 13*g**2 + 40*g + 19. Let b(w) = 6*n(w) - 11*r(w). What is b(-20)?
4
Let v(k) be the first derivative of 1 - 15*k + 6*k**2 + 1/3*k**3. Calculate v(-13).
-2
Let u(h) = 6 - 1441*h**2 - 1429*h**2 + 2869*h**2 + 5*h. Let b(m) = m**2 - 5*m + 7. Let s be b(5). Determine u(s).
-8
Let n(h) be the second derivative of h**3/6 - 5*h**2/2 - 3*h - 2. Let w(i) = 20*i - 26. Let a(u) = -5*n(u) + w(u). Calculate a(-1).
-16
Suppose 5*o = u + 25, 2*u - 31*o + 14 = -30*o. Let y(r) = r**3 + 4*r**2 - 12*r - 30. Determine y(u).
5
Suppose -5*w - 6 = -51. Let d(u) = -u - 1. Let t(y) = -y**3 + 9*y**2 + 8*y + 17. Let s(x) = -5*d(x) - t(x). Determine s(w).
-39
Suppose 5258 = -63*c - 176*c. Let z(k) = k**3 + 20*k**2 - 41*k + 70. Determine z(c).
4
Suppose 2*d - 3 = 3*m, -2*m - 2 = -5*d + 11. Let o(j) = 852*j + 8 - 852*j + j**d + 4*j**2. Calculate o(-4).
8
Let d(y) = 2*y**2 + 42*y - 32. Let z = 741 + -763. Determine d(z).
12
Let h = 203 + -101. Let m be 5/2 + h/(-12). Let i be (m/12)/(2/(-28)). Let d(l) = -l**2 + 5*l - 7. Calculate d(i).
-21
Let u(l) = -l**3 - 18*l**2 - 32*l + 16. Let f(i) = 20*i + 144. Let r be f(-8). Determine u(r).
16
Let t be -74*((-4)/6)/((-20)/(-15)). Let z(u) = 8 + t*u**3 + 35*u**3 - 73*u**3. Give z(0).
8
Let p(c) = -2*c**3 + 4*c**2 + 2*c + 54. Let d(m) = -m**3 + 12*m**2 + 2*m + 55. Let w(t) = -3*d(t) + 2*p(t). What is w(-28)?
-1
Suppose 4*f = c + 23 - 5, -2*c = -5*f + 21. Let w(x) = x**3 - 7*x**2 + 17*x - 34. Let p be w(f). Let j(g) = 2 + 1 - 3*g - 4. Determine j(p).
-4
Let m(y) be the third derivative of -1/120*y**6 - 1/12*y**4 - 11 + 0*y - 7/3*y**3 - 1/6*y**5 - 2*y**2. Give m(-10).
6
Let t(b) be the third derivative of b**4/24 - 17*b**3/6 + 144*b**2. What is t(20)?
3
Suppose -276 = 118*j - 88 + 520. Let h(b) be the first derivative of 3*b**2/2 + 7*b - 10. Determine h(j).
-11
Let b(u) = 9*u - 24. Let l be (-41)/(-43) - (-40)/860. Determine b(l).
-15
Let c(p) be the third derivative of p**6/120 + p**5/10 + 3*p**3/2 - 3934*p**2. Determine c(-7).
-40
Let g(c) be the third derivative of -28*c**2 + 0 + 0*c**3 + 1/12*c**4 + 0*c. Suppose 0 = 5*q + 11 + 29. Calculate g(q).
-16
Let a(l) be the first derivative of -l**2 + 2*l + 33. Suppose 5*j + 14 = -z, -5*j - 2 = -0*z - 2*z. Let s be 9/j - (-6)/4. Give a(s).
8
Let v(g) be the second derivative of -g**4/12 - 5*g**3/6 - 7*g**2/2 - 2*g + 4295. Determine v(3).
-31
Suppose -9*b = -19*b + 1440. Let r = -130 + b. Let y be 1 + -2 + -19 + r. Let n(d) = 4*d - 6. What is n(y)?
-30
Let d(u) = u**2 + 426 - 189 + 965*u - 933*u. Give d(-12).
-3
Let j(a) = a**2 - 9*a + 1. Let q(p) = -p**3 - 2*p**2 + 6*p. Suppose 0 = -2*l - 4*z - 14 - 10, 0 = 5*l - 5*z. Let v be q(l). Give j(v).
-7
Let d(s) = s**3 - s**2 + 2*s + 16. Let j(t) = -t**3 + 115*t**2 + 238*t - 468. Let i be j(117). What is d(i)?
16
Suppose 26*s = 27*s - 15. Suppose 2*b - 5*b = -s. Let z(i) = -16 + 3*i - 9*i - b*i + 17. Determine z(1).
-10
Suppose 4*i = -5*f + 19, 4 = 4*i + 3*f - 9. Let b be 8*i*(-1)/(-2). Let q(v) = -4*v - 499 + 162 + 165 + 173. Determine q(b).
-15
Suppose -1496 = 31*d + 105*d. Let q(i) = i**2 + 4*i - 69. Determine q(d).
8
Let r(y) = 1107 + 14*y**2 + 1113 + 1103 + y**3 - 3340 - 2*y. Calculate r(-14).
11
Let h(x) be the third derivative of -x**6/120 - x**5/5 - 7*x**4/12 + 13*x**3/6 + 3*x**2 + 379. What is h(-10)?
-47
Let d(i) be the second derivative of -302*i - 5/6*i**3 + i**2 + 0 + 1/12*i**4. Determine d(7).
16
Let d(o) = -289864 + 6*o + 289861 - 11*o - 3*o**2. Calculate d(2).
-25
Let f be (2 + -3)*(-327 + -4). Let b(t) = -f*t - 7 + 330*t + 12. Give b(-7).
12
Let y(a) = -a**3 - 11*a**2 - 11*a - 8. Let r be y(-10). Let s(o) = -2*o**3 - 7*o + 4*o**3 - 3*o**3 + 2*o**3 - 3*o + 8*o**r. Give s(-9).
9
Let s(j) be the second derivative of j**3/6 - 2*j**2 + 19*j. Let f(n) = 5*n**2 - 111*n + 18. Let c be f(22). Determine s(c).
-8
Let p(f) = 44*f - 20. Let i be p(4). Suppose -132 + i = 4*t. Let a(m) be the first derivative of m**2/2 + 2*m + 2. Calculate a(t).